 divided by 1747.
132
What is the remainder when 1170951 is divided by 837?
825
Calculate the remainder when 541 is divided by 189.
163
What is the remainder when 20204 is divided by 215?
209
Calculate the remainder when 12090 is divided by 196.
134
Calculate the remainder when 2841 is divided by 189.
6
Calculate the remainder when 10345 is divided by 85.
60
What is the remainder when 16637 is divided by 80?
77
Calculate the remainder when 58078 is divided by 242.
240
Calculate the remainder when 106279 is divided by 1143.
1123
What is the remainder when 286006 is divided by 95332?
10
Calculate the remainder when 6239 is divided by 768.
95
Calculate the remainder when 64390 is divided by 79.
5
What is the remainder when 16039 is divided by 226?
219
Calculate the remainder when 455 is divided by 138.
41
Calculate the remainder when 3735 is divided by 285.
30
Calculate the remainder when 14124 is divided by 665.
159
Calculate the remainder when 2578 is divided by 1149.
280
What is the remainder when 1571 is divided by 1200?
371
What is the remainder when 23720 is divided by 152?
8
Calculate the remainder when 211209 is divided by 59.
48
Calculate the remainder when 8105 is divided by 4052.
1
Calculate the remainder when 3295 is divided by 133.
103
Calculate the remainder when 415 is divided by 131.
22
What is the remainder when 105291 is divided by 52645?
1
Calculate the remainder when 78039 is divided by 3120.
39
What is the remainder when 53331 is divided by 67?
66
What is the remainder when 155929 is divided by 5?
4
What is the remainder when 968 is divided by 113?
64
Calculate the remainder when 50611 is divided by 38.
33
Calculate the remainder when 248576 is divided by 62133.
44
Calculate the remainder when 993 is divided by 7.
6
What is the remainder when 7096 is divided by 395?
381
What is the remainder when 10355 is divided by 413?
30
What is the remainder when 720536 is divided by 37?
35
Calculate the remainder when 2741997 is divided by 574.
573
What is the remainder when 3504 is divided by 388?
12
Calculate the remainder when 130854 is divided by 2513.
178
Calculate the remainder when 871 is divided by 189.
115
Calculate the remainder when 80869 is divided by 550.
19
What is the remainder when 600029 is divided by 295?
294
What is the remainder when 8227 is divided by 57?
19
Calculate the remainder when 23624 is divided by 525.
524
What is the remainder when 715111 is divided by 92?
87
Calculate the remainder when 108316 is divided by 172.
128
Calculate the remainder when 43644 is divided by 364.
328
Calculate the remainder when 351 is divided by 34.
11
Calculate the remainder when 277165 is divided by 16.
13
What is the remainder when 48641 is divided by 16209?
14
Calculate the remainder when 5728 is divided by 153.
67
Calculate the remainder when 4627 is divided by 2146.
335
What is the remainder when 64236 is divided by 4?
0
What is the remainder when 128661 is divided by 25729?
16
Calculate the remainder when 25911 is divided by 1130.
1051
What is the remainder when 213237 is divided by 66?
57
Calculate the remainder when 2043 is divided by 1012.
19
Calculate the remainder when 4106 is divided by 1079.
869
Calculate the remainder when 700231 is divided by 56.
7
What is the remainder when 11581 is divided by 1282?
43
What is the remainder when 91831 is divided by 30568?
127
Calculate the remainder when 3942 is divided by 1937.
68
Calculate the remainder when 8277 is divided by 1190.
1137
Calculate the remainder when 21245 is divided by 303.
35
Calculate the remainder when 612444 is divided by 71.
69
What is the remainder when 88334 is divided by 138?
14
Calculate the remainder when 8659 is divided by 8136.
523
Calculate the remainder when 2035 is divided by 1914.
121
Calculate the remainder when 10912 is divided by 103.
97
Calculate the remainder when 5471 is divided by 71.
4
What is the remainder when 8212 is divided by 1168?
36
What is the remainder when 23355 is divided by 73?
68
What is the remainder when 3637022 is divided by 263?
258
What is the remainder when 2142 is divided by 78?
36
What is the remainder when 223076 is divided by 91?
35
Calculate the remainder when 40569 is divided by 79.
42
What is the remainder when 1122 is divided by 306?
204
Calculate the remainder when 9467 is divided by 9168.
299
What is the remainder when 80496 is divided by 2682?
36
What is the remainder when 565 is divided by 111?
10
What is the remainder when 20242 is divided by 5057?
14
Calculate the remainder when 12355 is divided by 28.
7
What is the remainder when 29364 is divided by 2669?
5
Calculate the remainder when 20926 is divided by 10447.
32
What is the remainder when 2737598 is divided by 58?
56
Calculate the remainder when 114247 is divided by 38081.
4
Calculate the remainder when 423 is divided by 236.
187
What is the remainder when 5666 is divided by 809?
3
Calculate the remainder when 53712 is divided by 257.
256
Calculate the remainder when 23990 is divided by 766.
244
What is the remainder when 47361 is divided by 17?
16
Calculate the remainder when 1361 is divided by 127.
91
Calculate the remainder when 1048 is divided by 303.
139
Calculate the remainder when 7498 is divided by 4.
2
Calculate the remainder when 1041 is divided by 341.
18
Calculate the remainder when 1810682 is divided by 7.
6
Calculate the remainder when 51353 is divided by 76.
53
Calculate the remainder when 662 is divided by 308.
46
Calculate the remainder when 129862 is divided by 459.
424
Calculate the remainder when 221122 is divided by 666.
10
Calculate the remainder when 8653 is divided by 215.
53
Calculate the remainder when 23573 is divided by 7649.
626
Calculate the remainder when 9900 is divided by 3264.
108
What is the remainder when 79768 is divided by 286?
260
What is the remainder when 3740279 is divided by 15?
14
Calculate the remainder when 4645 is divided by 61.
9
Calculate the remainder when 7407 is divided by 573.
531
Calculate the remainder when 1197 is divided by 208.
157
Calculate the remainder when 3919 is divided by 381.
109
Calculate the remainder when 876 is divided by 839.
37
What is the remainder when 23898 is divided by 53?
48
Calculate the remainder when 1074 is divided by 134.
2
What is the remainder when 51543 is divided by 107?
76
Calculate the remainder when 54918 is divided by 1445.
8
What is the remainder when 3850 is divided by 144?
106
Calculate the remainder when 37329 is divided by 37326.
3
Calculate the remainder when 8480 is divided by 165.
65
What is the remainder when 358401 is divided by 242?
241
Calculate the remainder when 36488 is divided by 7292.
28
What is the remainder when 2365 is divided by 2235?
130
What is the remainder when 1658215 is divided by 25?
15
What is the remainder when 3379 is divided by 302?
57
Calculate the remainder when 54119 is divided by 164.
163
What is the remainder when 1923431 is divided by 1346?
1343
What is the remainder when 2414 is divided by 390?
74
What is the remainder when 19516 is divided by 9753?
10
What is the remainder when 26084 is divided by 6?
2
What is the remainder when 104541 is divided by 128?
93
Calculate the remainder when 44797 is divided by 169.
12
What is the remainder when 93008 is divided by 158?
104
What is the remainder when 140990 is divided by 64?
62
What is the remainder when 2214 is divided by 90?
54
Calculate the remainder when 9765 is divided by 54.
45
What is the remainder when 11143 is divided by 707?
538
What is the remainder when 27488 is divided by 159?
140
Calculate the remainder when 66437 is divided by 239.
234
Calculate the remainder when 7349 is divided by 733.
19
What is the remainder when 97523 is divided by 14?
13
What is the remainder when 3069 is divided by 543?
354
Calculate the remainder when 71563 is divided by 426.
421
Calculate the remainder when 7175 is divided by 91.
77
Calculate the remainder when 89869 is divided by 8167.
32
Calculate the remainder when 3087 is divided by 3063.
24
What is the remainder when 9554 is divided by 562?
0
Calculate the remainder when 785969 is divided by 30.
29
Calculate the remainder when 12817 is divided by 1058.
121
Calculate the remainder when 1731 is divided by 1680.
51
Calculate the remai